tors of 8693.
8693
List the prime factors of 6910.
2, 5, 691
List the prime factors of 129481.
11, 79, 149
List the prime factors of 4360.
2, 5, 109
List the prime factors of 1428.
2, 3, 7, 17
List the prime factors of 635.
5, 127
List the prime factors of 571.
571
What are the prime factors of 62540?
2, 5, 53, 59
What are the prime factors of 4249?
7, 607
List the prime factors of 78134.
2, 7, 5581
List the prime factors of 3695.
5, 739
What are the prime factors of 1980?
2, 3, 5, 11
What are the prime factors of 2594?
2, 1297
What are the prime factors of 19294?
2, 11, 877
What are the prime factors of 8585?
5, 17, 101
List the prime factors of 17783.
17783
What are the prime factors of 1164?
2, 3, 97
What are the prime factors of 1590?
2, 3, 5, 53
What are the prime factors of 403?
13, 31
List the prime factors of 703.
19, 37
List the prime factors of 31449.
3, 11, 953
What are the prime factors of 566?
2, 283
What are the prime factors of 6234?
2, 3, 1039
List the prime factors of 2721.
3, 907
List the prime factors of 4939.
11, 449
List the prime factors of 6286.
2, 7, 449
List the prime factors of 4006.
2, 2003
List the prime factors of 280.
2, 5, 7
What are the prime factors of 15724?
2, 3931
What are the prime factors of 90619?
90619
List the prime factors of 3410.
2, 5, 11, 31
List the prime factors of 4676.
2, 7, 167
What are the prime factors of 554?
2, 277
What are the prime factors of 1513?
17, 89
What are the prime factors of 2947?
7, 421
What are the prime factors of 2776?
2, 347
List the prime factors of 2979.
3, 331
List the prime factors of 924.
2, 3, 7, 11
List the prime factors of 921.
3, 307
List the prime factors of 734.
2, 367
List the prime factors of 9936.
2, 3, 23
List the prime factors of 11572.
2, 11, 263
What are the prime factors of 2688?
2, 3, 7
List the prime factors of 3227.
7, 461
List the prime factors of 263.
263
List the prime factors of 763.
7, 109
List the prime factors of 1269.
3, 47
List the prime factors of 2458.
2, 1229
What are the prime factors of 2694?
2, 3, 449
What are the prime factors of 440?
2, 5, 11
What are the prime factors of 2816?
2, 11
What are the prime factors of 3727?
3727
List the prime factors of 7248.
2, 3, 151
List the prime factors of 8551.
17, 503
List the prime factors of 1248.
2, 3, 13
List the prime factors of 20076.
2, 3, 7, 239
List the prime factors of 10046.
2, 5023
List the prime factors of 5915.
5, 7, 13
List the prime factors of 12420.
2, 3, 5, 23
List the prime factors of 92358.
2, 3, 7, 733
What are the prime factors of 1764?
2, 3, 7
List the prime factors of 938.
2, 7, 67
List the prime factors of 3456.
2, 3
What are the prime factors of 48305?
5, 9661
List the prime factors of 1475.
5, 59
List the prime factors of 3986.
2, 1993
What are the prime factors of 1892?
2, 11, 43
List the prime factors of 4752.
2, 3, 11
List the prime factors of 11017.
23, 479
What are the prime factors of 1478?
2, 739
What are the prime factors of 47239?
97, 487
List the prime factors of 16897.
61, 277
List the prime factors of 76551.
3, 17, 19, 79
List the prime factors of 907.
907
List the prime factors of 15337.
7, 313
What are the prime factors of 57890?
2, 5, 7, 827
What are the prime factors of 27591?
3, 17, 541
What are the prime factors of 7662?
2, 3, 1277
List the prime factors of 1047.
3, 349
What are the prime factors of 7827?
3, 2609
What are the prime factors of 6772?
2, 1693
List the prime factors of 73776.
2, 3, 29, 53
What are the prime factors of 1404?
2, 3, 13
What are the prime factors of 9512?
2, 29, 41
What are the prime factors of 306?
2, 3, 17
What are the prime factors of 72185?
5, 14437
What are the prime factors of 41?
41
List the prime factors of 7552.
2, 59
What are the prime factors of 19569?
3, 11, 593
What are the prime factors of 211?
211
What are the prime factors of 692?
2, 173
List the prime factors of 911.
911
List the prime factors of 1576.
2, 197
List the prime factors of 101468.
2, 25367
List the prime factors of 118431.
3, 13159
What are the prime factors of 26183?
26183
List the prime factors of 207.
3, 23
List the prime factors of 19844.
2, 11, 41
List the prime factors of 4225.
5, 13
List the prime factors of 101.
101
List the prime factors of 76289.
76289
What are the prime factors of 91878?
2, 3, 15313
List the prime factors of 696.
2, 3, 29
List the prime factors of 2122.
2, 1061
List the prime factors of 1223.
1223
List the prime factors of 2794.
2, 11, 127
List the prime factors of 10264.
2, 1283
What are the prime factors of 28118?
2, 17, 827
List the prime factors of 14164.
2, 3541
List the prime factors of 1014.
2, 3, 13
What are the prime factors of 12038?
2, 13, 463
What are the prime factors of 44461?
173, 257
List the prime factors of 1163.
1163
List the prime factors of 1212.
2, 3, 101
What are the prime factors of 973?
7, 139
List the prime factors of 3170.
2, 5, 317
What are the prime factors of 63479?
13, 19, 257
What are the prime factors of 70692?
2, 3, 43, 137
What are the prime factors of 147176?
2, 18397
What are the prime factors of 14813?
14813
List the prime factors of 10816.
2, 13
List the prime factors of 839.
839
What are the prime factors of 6123?
3, 13, 157
What are the prime factors of 1927?
41, 47
What are the prime factors of 649?
11, 59
List the prime factors of 31354.
2, 61, 257
List the prime factors of 2864.
2, 179
What are the prime factors of 22064?
2, 7, 197
List the prime factors of 23953.
17, 1409
List the prime factors of 1108.
2, 277
What are the prime factors of 4686?
2, 3, 11, 71
What are the prime factors of 305?
5, 61
List the prime factors of 2572.
2, 643
List the prime factors of 1003.
17, 59
List the prime factors of 88988.
2, 22247
List the prime factors of 29989.
29989
List the prime factors of 19501.
19501
What are the prime factors of 10204?
2, 2551
What are the prime factors of 3666?
2, 3, 13, 47
List the prime factors of 954.
2, 3, 53
List the prime factors of 21419.
21419
List the prime factors of 3673.
3673
List the prime factors of 6669.
3, 13, 19
What are the prime factors of 981?
3, 109
What are the prime factors of 11878?
2, 5939
What are the prime factors of 24524?
2, 6131
What are the prime factors of 108733?
227, 479
What are the prime factors of 285?
3, 5, 19
What are the prime factors of 10909?
10909
List the prime factors of 40363.
181, 223
What are the prime factors of 2086?
2, 7, 149
What are the prime factors of 10325?
5, 7, 59
List the prime factors of 20137.
13, 1549
What are the prime factors of 1239?
3, 7, 59
List the prime factors of 741.
3, 13, 19
List the prime factors of 5890.
2, 5, 19, 31
What are the prime factors of 16137?
3, 11, 163
List the prime factors of 21850.
2, 5, 19, 23
What are the prime factors of 12296?
2, 29, 53
List the prime factors of 905.
5, 181
List the prime factors of 54028.
2, 13, 1039
What are the prime factors of 4506?
2, 3, 751
List the prime factors of 738.
2, 3, 41
What are the prime factors of 7795?
5, 1559
What are the prime factors of 66899?
7, 19, 503
List the prime factors of 206321.
19, 10859
List the prime factors of 7668.
2, 3, 71
What are the prime factors of 87777?
3, 3251
What are the prime factors of 18769?
137
List the prime factors of 154.
2, 7, 11
List the prime factors of 75273.
3, 11, 2281
What are the prime factors of 13397?
13397
What are the prime factors of 44141?
37, 1193
What are the prime factors of 865?
5, 173
What are the prime factors of 99525?
3, 5, 1327
What are the prime factors of 164469?
3, 73, 751
List the prime factors of 172.
2, 43
List the prime factors of 2240.
2, 5, 7
What are the prime factors of 5280?
2, 3, 5, 11
List the prime factors of 97028.
2, 127, 191
What are the prime factors of 19708?
2, 13, 379
List the prime factors of 883.
883
What are the prime factors of 6980?
2, 5, 349
List the prime factors of 5914.
2, 2957
What are the prime factors of 20027?
7, 2861
List the prime factors of 842.
2, 421
What are the prime factors of 20843?
19, 1097
What are the prime factors of 3277?
29, 113
List the prime factors of 860.
2, 5, 43
List the prime factors of 7504.
2, 7, 67
What are the prime factors of 24657?
3, 8219
What are the prime factors of 4757?
67, 71
What are the prime factors of 453?
3,